hat is the remainder when 1319 is divided by 18?
5
Calculate the remainder when 670472 is divided by 354.
350
What is the remainder when 2254 is divided by 372?
22
What is the remainder when 33741 is divided by 5599?
147
Calculate the remainder when 422983 is divided by 51.
40
What is the remainder when 23354 is divided by 107?
28
What is the remainder when 3599 is divided by 106?
101
Calculate the remainder when 192266 is divided by 71.
69
Calculate the remainder when 7358 is divided by 39.
26
Calculate the remainder when 393 is divided by 186.
21
What is the remainder when 866371 is divided by 593?
591
Calculate the remainder when 3453 is divided by 180.
33
What is the remainder when 2058 is divided by 1991?
67
What is the remainder when 23711 is divided by 76?
75
What is the remainder when 2985 is divided by 12?
9
What is the remainder when 13076 is divided by 4357?
5
Calculate the remainder when 11192 is divided by 240.
152
Calculate the remainder when 64395 is divided by 6439.
5
What is the remainder when 131246 is divided by 8?
6
Calculate the remainder when 1194 is divided by 62.
16
What is the remainder when 94076 is divided by 84?
80
What is the remainder when 473695 is divided by 63?
61
What is the remainder when 339536 is divided by 28?
8
Calculate the remainder when 458138 is divided by 504.
2
What is the remainder when 7789 is divided by 3655?
479
What is the remainder when 33936 is divided by 339?
36
What is the remainder when 2043 is divided by 546?
405
What is the remainder when 58204 is divided by 109?
107
Calculate the remainder when 3537 is divided by 269.
40
Calculate the remainder when 9697 is divided by 103.
15
What is the remainder when 501 is divided by 75?
51
Calculate the remainder when 40981 is divided by 179.
169
Calculate the remainder when 578 is divided by 216.
146
Calculate the remainder when 5612 is divided by 638.
508
What is the remainder when 533480 is divided by 73?
69
What is the remainder when 90783 is divided by 483?
462
Calculate the remainder when 6249 is divided by 35.
19
What is the remainder when 454983 is divided by 9?
6
What is the remainder when 1931 is divided by 207?
68
What is the remainder when 1743 is divided by 705?
333
Calculate the remainder when 97574 is divided by 574.
568
Calculate the remainder when 15510 is divided by 28.
26
Calculate the remainder when 4150 is divided by 97.
76
Calculate the remainder when 18492 is divided by 49.
19
What is the remainder when 159758 is divided by 76?
6
Calculate the remainder when 175280 is divided by 669.
2
Calculate the remainder when 1635 is divided by 9.
6
Calculate the remainder when 846444 is divided by 23.
21
What is the remainder when 215992 is divided by 13?
10
Calculate the remainder when 2137142 is divided by 712379.
5
What is the remainder when 917 is divided by 430?
57
What is the remainder when 4470 is divided by 345?
330
What is the remainder when 10683 is divided by 334?
329
What is the remainder when 1332657 is divided by 167?
164
What is the remainder when 83824 is divided by 16?
0
Calculate the remainder when 878 is divided by 538.
340
What is the remainder when 1964 is divided by 321?
38
What is the remainder when 4244 is divided by 428?
392
Calculate the remainder when 390 is divided by 67.
55
What is the remainder when 1246 is divided by 1114?
132
Calculate the remainder when 18458 is divided by 18308.
150
Calculate the remainder when 1525 is divided by 205.
90
What is the remainder when 14609 is divided by 609?
602
Calculate the remainder when 8433 is divided by 1405.
3
Calculate the remainder when 339870 is divided by 13.
11
What is the remainder when 211 is divided by 70?
1
What is the remainder when 5062 is divided by 201?
37
What is the remainder when 143806 is divided by 24?
22
What is the remainder when 1482 is divided by 61?
18
Calculate the remainder when 7225 is divided by 16.
9
What is the remainder when 95299 is divided by 161?
148
What is the remainder when 55561 is divided by 27773?
15
Calculate the remainder when 350393 is divided by 1293.
1283
Calculate the remainder when 4618 is divided by 1533.
19
Calculate the remainder when 2655 is divided by 295.
0
Calculate the remainder when 3191 is divided by 1497.
197
What is the remainder when 2825 is divided by 43?
30
Calculate the remainder when 4097 is divided by 195.
2
Calculate the remainder when 33455 is divided by 236.
179
Calculate the remainder when 23264 is divided by 439.
436
What is the remainder when 1022 is divided by 332?
26
Calculate the remainder when 86811 is divided by 63.
60
What is the remainder when 84308 is divided by 300?
8
Calculate the remainder when 5383 is divided by 5282.
101
What is the remainder when 4220 is divided by 73?
59
What is the remainder when 18827998 is divided by 1046?
1044
What is the remainder when 196246 is divided by 68?
66
What is the remainder when 8184 is divided by 432?
408
Calculate the remainder when 22167 is divided by 121.
24
What is the remainder when 7229 is divided by 16?
13
What is the remainder when 63460 is divided by 88?
12
What is the remainder when 19760 is divided by 550?
510
What is the remainder when 919590 is divided by 71?
69
What is the remainder when 2283 is divided by 103?
17
What is the remainder when 1112666 is divided by 5950?
16
Calculate the remainder when 24835 is divided by 7679.
1798
Calculate the remainder when 7031 is divided by 1587.
683
What is the remainder when 32853 is divided by 3649?
12
What is the remainder when 1223777 is divided by 59?
58
Calculate the remainder when 23652 is divided by 59.
52
What is the remainder when 113896 is divided by 307?
306
Calculate the remainder when 21824 is divided by 30.
14
Calculate the remainder when 24989 is divided by 44.
41
Calculate the remainder when 22831 is divided by 33.
28
What is the remainder when 410 is divided by 67?
8
What is the remainder when 28826 is divided by 9?
8
What is the remainder when 56550 is divided by 56505?
45
What is the remainder when 22374 is divided by 107?
11
Calculate the remainder when 59413 is divided by 825.
13
Calculate the remainder when 15491 is divided by 514.
71
Calculate the remainder when 355 is divided by 138.
79
Calculate the remainder when 261018 is divided by 167.
164
What is the remainder when 20868 is divided by 153?
60
Calculate the remainder when 3729 is divided by 157.
118
What is the remainder when 732834 is divided by 12?
6
Calculate the remainder when 160763 is divided by 626.
507
Calculate the remainder when 7586 is divided by 6.
2
Calculate the remainder when 98278 is divided by 52.
50
Calculate the remainder when 8387 is divided by 2794.
5
Calculate the remainder when 9759 is divided by 158.
121
What is the remainder when 575 is divided by 381?
194
What is the remainder when 24540 is divided by 137?
17
Calculate the remainder when 8877 is divided by 873.
147
Calculate the remainder when 53936 is divided by 1228.
1132
Calculate the remainder when 96427 is divided by 123.
118
Calculate the remainder when 2146 is divided by 322.
214
Calculate the remainder when 24751 is divided by 8192.
175
Calculate the remainder when 370 is divided by 177.
16
Calculate the remainder when 1793 is divided by 207.
137
Calculate the remainder when 3061 is divided by 94.
53
Calculate the remainder when 619259 is divided by 69.
53
Calculate the remainder when 1609 is divided by 238.
181
What is the remainder when 1069885 is divided by 32?
29
Calculate the remainder when 6332 is divided by 1258.
42
Calculate the remainder when 64997 is divided by 25.
22
Calculate the remainder when 349072 is divided by 37.
14
What is the remainder when 155134 is divided by 64?
62
What is the remainder when 65750 is divided by 1730?
10
What is the remainder when 142 is divided by 133?
9
Calculate the remainder when 5874 is divided by 10.
4
Calculate the remainder when 36669 is divided by 243.
219
Calculate the remainder when 815252 is divided by 25.
2
What is the remainder when 132226 is divided by 36?
34
What is the remainder when 202285 is divided by 16?
13
What is the remainder when 31103 is divided by 12?
11
What is the remainder when 3620 is divided by 609?
575
Calculate the remainder when 4357 is divided by 155.
17
Wha